emainder when 233384 is divided by 122?
120
Calculate the remainder when 10073 is divided by 660.
173
Calculate the remainder when 52408 is divided by 448.
440
What is the remainder when 7712 is divided by 7708?
4
What is the remainder when 74526 is divided by 275?
1
Calculate the remainder when 82122 is divided by 740.
722
Calculate the remainder when 45727 is divided by 15.
7
Calculate the remainder when 707 is divided by 349.
9
Calculate the remainder when 277808 is divided by 61.
14
What is the remainder when 582 is divided by 501?
81
What is the remainder when 2035 is divided by 48?
19
What is the remainder when 7576 is divided by 165?
151
Calculate the remainder when 65429 is divided by 886.
751
Calculate the remainder when 161889 is divided by 309.
282
What is the remainder when 582298 is divided by 131?
3
What is the remainder when 8569 is divided by 1352?
457
Calculate the remainder when 1255 is divided by 1250.
5
Calculate the remainder when 339551 is divided by 469.
464
What is the remainder when 11655 is divided by 529?
17
Calculate the remainder when 14659 is divided by 4870.
49
What is the remainder when 304239 is divided by 40?
39
Calculate the remainder when 7962 is divided by 4854.
3108
What is the remainder when 10629 is divided by 379?
17
What is the remainder when 7114 is divided by 63?
58
What is the remainder when 444956 is divided by 18?
14
Calculate the remainder when 4888629 is divided by 142.
137
What is the remainder when 4206 is divided by 1226?
528
What is the remainder when 119142 is divided by 144?
54
Calculate the remainder when 5954 is divided by 5041.
913
Calculate the remainder when 5044 is divided by 219.
7
What is the remainder when 3871 is divided by 341?
120
Calculate the remainder when 38041 is divided by 302.
291
What is the remainder when 1173460 is divided by 391146?
22
What is the remainder when 24049 is divided by 729?
721
What is the remainder when 152034 is divided by 8939?
71
Calculate the remainder when 8530 is divided by 502.
498
Calculate the remainder when 5331 is divided by 73.
2
What is the remainder when 167371 is divided by 12870?
61
Calculate the remainder when 758346 is divided by 82.
10
What is the remainder when 3605 is divided by 262?
199
Calculate the remainder when 581267 is divided by 101.
12
Calculate the remainder when 188553 is divided by 68.
57
What is the remainder when 3581 is divided by 145?
101
What is the remainder when 792470 is divided by 80?
70
Calculate the remainder when 90465 is divided by 275.
265
Calculate the remainder when 8113 is divided by 36.
13
Calculate the remainder when 70587 is divided by 64.
59
Calculate the remainder when 2840 is divided by 135.
5
Calculate the remainder when 1467426 is divided by 916.
910
What is the remainder when 253933 is divided by 495?
493
Calculate the remainder when 1445 is divided by 288.
5
Calculate the remainder when 281648 is divided by 569.
562
What is the remainder when 28240 is divided by 54?
52
What is the remainder when 4096 is divided by 313?
27
Calculate the remainder when 114 is divided by 82.
32
What is the remainder when 33721 is divided by 195?
181
Calculate the remainder when 313548 is divided by 752.
716
Calculate the remainder when 36690 is divided by 264.
258
What is the remainder when 893487 is divided by 43?
33
Calculate the remainder when 8268 is divided by 839.
717
Calculate the remainder when 38356 is divided by 525.
31
Calculate the remainder when 1021 is divided by 347.
327
Calculate the remainder when 519435 is divided by 77.
70
Calculate the remainder when 490811 is divided by 5.
1
Calculate the remainder when 306230 is divided by 9.
5
What is the remainder when 821497 is divided by 530?
527
Calculate the remainder when 1646 is divided by 813.
20
What is the remainder when 210416 is divided by 195?
11
What is the remainder when 1583 is divided by 53?
46
Calculate the remainder when 249 is divided by 2.
1
Calculate the remainder when 1171 is divided by 982.
189
Calculate the remainder when 44888 is divided by 554.
14
What is the remainder when 3393 is divided by 242?
5
Calculate the remainder when 100810 is divided by 73.
70
Calculate the remainder when 1302442 is divided by 484.
482
Calculate the remainder when 108542 is divided by 106.
104
Calculate the remainder when 1403 is divided by 1256.
147
Calculate the remainder when 1705 is divided by 230.
95
What is the remainder when 3082 is divided by 194?
172
What is the remainder when 3254 is divided by 71?
59
What is the remainder when 52851 is divided by 204?
15
What is the remainder when 2415 is divided by 350?
315
What is the remainder when 1476 is divided by 140?
76
Calculate the remainder when 43244 is divided by 204.
200
Calculate the remainder when 39520 is divided by 57.
19
Calculate the remainder when 11517 is divided by 10.
7
Calculate the remainder when 45210 is divided by 45195.
15
Calculate the remainder when 35596 is divided by 17718.
160
What is the remainder when 1457218 is divided by 326?
324
Calculate the remainder when 20955 is divided by 1746.
3
What is the remainder when 3607 is divided by 866?
143
Calculate the remainder when 13132 is divided by 1065.
352
What is the remainder when 301661 is divided by 33?
8
What is the remainder when 55149 is divided by 239?
179
What is the remainder when 988 is divided by 21?
1
Calculate the remainder when 203660 is divided by 29092.
16
Calculate the remainder when 9198 is divided by 1837.
13
Calculate the remainder when 11489 is divided by 142.
129
Calculate the remainder when 779139 is divided by 273.
270
Calculate the remainder when 17313 is divided by 5768.
9
What is the remainder when 163923 is divided by 5652?
15
What is the remainder when 29819 is divided by 61?
51
What is the remainder when 2652 is divided by 828?
168
Calculate the remainder when 581 is divided by 78.
35
Calculate the remainder when 5981 is divided by 88.
85
Calculate the remainder when 37020 is divided by 37017.
3
What is the remainder when 2754 is divided by 849?
207
Calculate the remainder when 32073 is divided by 17.
11
Calculate the remainder when 133722 is divided by 331.
329
What is the remainder when 37260 is divided by 68?
64
Calculate the remainder when 954 is divided by 758.
196
What is the remainder when 2621 is divided by 506?
91
Calculate the remainder when 6814 is divided by 90.
64
Calculate the remainder when 8952 is divided by 45.
42
What is the remainder when 671 is divided by 251?
169
Calculate the remainder when 2262 is divided by 1125.
12
What is the remainder when 43869 is divided by 1070?
1069
What is the remainder when 9276 is divided by 3085?
21
What is the remainder when 40669 is divided by 4518?
7
Calculate the remainder when 2293983 is divided by 1146986.
11
Calculate the remainder when 158509 is divided by 72.
37
Calculate the remainder when 52265 is divided by 94.
1
Calculate the remainder when 625570 is divided by 475.
470
What is the remainder when 267160 is divided by 2451?
1
Calculate the remainder when 17274 is divided by 28.
26
Calculate the remainder when 40813 is divided by 3384.
205
Calculate the remainder when 102979 is divided by 17.
10
Calculate the remainder when 198078 is divided by 64.
62
Calculate the remainder when 510621 is divided by 475.
471
Calculate the remainder when 966 is divided by 287.
105
What is the remainder when 25747 is divided by 712?
115
Calculate the remainder when 228208 is divided by 13.
6
What is the remainder when 5246 is divided by 365?
136
Calculate the remainder when 1135 is divided by 133.
71
What is the remainder when 85206 is divided by 54?
48
What is the remainder when 51883 is divided by 35?
13
Calculate the remainder when 3841 is divided by 1340.
1161
What is the remainder when 8410 is divided by 24?
10
Calculate the remainder when 198955 is divided by 181.
36
Calculate the remainder when 293406 is divided by 1259.
59
Calculate the remainder when 5512 is divided by 177.
25
What is the remainder when 228991 is divided by 160?
31
What is the remainder when 597 is divided by 256?
85
What is the remainder when 2042 is divided by 288?
26
Calculate the remainder when 53037 is divided by 78.
75
What is the remainder when 5249 is divided by 192?
